-6 (base 7) to base 12.
-6
What is 1c (base 15) in base 13?
21
Convert -1 (base 6) to base 9.
-1
What is 3 (base 10) in base 15?
3
-4 (base 13) to base 14
-4
What is 21 (base 15) in base 10?
31
Convert -21 (base 3) to base 10.
-7
-14 (base 10) to base 12
-12
Convert -2 (base 5) to base 15.
-2
Convert 3 (base 12) to base 14.
3
Convert 11 (base 3) to base 8.
4
-10 (base 3) to base 10
-3
Convert -2 (base 6) to base 14.
-2
30 (base 7) to base 8
25
What is 10 (base 6) in base 5?
11
What is 24 (base 12) in base 8?
34
4 (base 5) to base 9
4
What is 31 (base 7) in base 4?
112
What is 11 (base 4) in base 13?
5
-1 (base 3) to base 9
-1
Convert 111 (base 6) to base 7.
61
32 (base 7) to base 6
35
What is -114 (base 5) in base 10?
-34
-30 (base 7) to base 14
-17
What is 100 (base 4) in base 7?
22
0 (base 16) to base 6
0
-14 (base 12) to base 11
-15
What is -10012 (base 3) in base 9?
-105
What is -11001111 (base 2) in base 8?
-317
What is -dc (base 14) in base 3?
-21012
Convert -3 (base 10) to base 12.
-3
a2 (base 16) to base 4
2202
What is 117 (base 9) in base 14?
6d
What is 0 (base 9) in base 7?
0
2 (base 8) to base 14
2
-3 (base 8) to base 10
-3
Convert -5 (base 9) to base 14.
-5
What is 1 (base 11) in base 14?
1
What is 14 (base 6) in base 3?
101
What is -1 (base 10) in base 6?
-1
2 (base 9) to base 15
2
64 (base 8) to base 14
3a
Convert 10 (base 9) to base 7.
12
50 (base 13) to base 16
41
What is -1010 (base 4) in base 13?
-53
What is 34 (base 15) in base 5?
144
Convert -11111 (base 3) to base 11.
-100
1501 (base 6) to base 16
18d
What is 13 (base 8) in base 7?
14
Convert -1000 (base 2) to base 8.
-10
What is -1 (base 8) in base 3?
-1
Convert 5 (base 9) to base 12.
5
-81 (base 9) to base 2
-1001001
Convert -17 (base 11) to base 12.
-16
Convert -74 (base 10) to base 3.
-2202
1 (base 8) to base 4
1
What is -14 (base 12) in base 4?
-100
1010 (base 2) to base 15
a
What is 19a (base 11) in base 2?
11100110
What is 0 (base 8) in base 12?
0
Convert 1 (base 3) to base 13.
1
Convert -3 (base 11) to base 4.
-3
2 (base 10) to base 14
2
-44 (base 5) to base 8
-30
-1c (base 13) to base 14
-1b
-4 (base 13) to base 15
-4
Convert -213 (base 4) to base 5.
-124
-3 (base 8) to base 10
-3
-71 (base 11) to base 3
-2220
Convert 51 (base 6) to base 9.
34
-48 (base 12) to base 8
-70
-31 (base 15) to base 10
-46
What is 333 (base 5) in base 13?
72
What is -14 (base 5) in base 9?
-10
What is 3 (base 5) in base 14?
3
What is -102 (base 5) in base 14?
-1d
What is -17 (base 14) in base 10?
-21
What is -8 (base 13) in base 4?
-20
Convert -10 (base 14) to base 3.
-112
-9 (base 15) to base 16
-9
-23 (base 13) to base 5
-104
11211 (base 3) to base 12
aa
What is 207 (base 12) in base 2?
100100111
What is 9 (base 13) in base 11?
9
What is 172 (base 10) in base 4?
2230
What is 12 (base 4) in base 5?
11
1201 (base 3) to base 11
42
Convert -2 (base 3) to base 7.
-2
Convert -3e (base 15) to base 2.
-111011
2 (base 3) to base 7
2
Convert -147 (base 9) to base 15.
-84
Convert 67 (base 8) to base 3.
2001
-13 (base 4) to base 12
-7
Convert -101000 (base 2) to base 14.
-2c
What is 14 (base 14) in base 9?
20
-6 (base 7) to base 6
-10
Convert 4 (base 5) to base 3.
11
What is -17 (base 13) in base 9?
-22
What is 1 (base 12) in base 4?
1
What is -30 (base 16) in base 8?
-60
Convert 7 (base 15) to base 7.
10
1001000 (base 2) to base 3
2200
Convert 2 (base 9) to base 11.
2
What is a7 (base 14) in base 5?
1042
What is 1331 (base 4) in base 11?
104
2b (base 12) to base 9
38
What is 5 (base 6) in base 12?
5
What is 1001 (base 2) in base 5?
14
6 (base 15) to base 5
11
-b5 (base 13) to base 16
-94
41 (base 7) to base 6
45
df (base 16) to base 12
167
21 (base 3) to base 14
7
10 (base 14) to base 10
14
3 (base 12) to base 4
3
-89 (base 14) to base 2
-1111001
Convert 1 (base 13) to base 9.
1
What is 26 (base 14) in base 5?
114
Convert -11 (base 3) to base 16.
-4
Convert 0 (base 15) to base 2.
0
What is -27 (base 14) in base 12?
-2b
Convert -113 (base 5) to base 15.
-23
-4 (base 13) to base 12
-4
What is 14 (base 10) in base 7?
20
Convert -2 (base 5) to base 16.
-2
-17 (base 9) to base 7
-22
Convert 10001100 (base 2) to base 8.
214
What is 130 (base 6) in base 5?
204
-1101010 (base 2) to base 13
-82
2 (base 8) to base 13
2
Convert 1200 (base 5) to base 4.
2233
What is a6 (base 15) in base 8?
234
What is -30 (base 9) in base 10?
-27
Convert 8 (base 11) to base 12.
8
Convert 1 (base 16) to base 5.
1
What is -3a (base 16) in base 14?
-42
What is -4 (base 12) in base 15?
-4
111 (base 3) to base 9
14
Convert 31 (base 14) to base 15.
2d
Convert 1b2 (base 13) to base 9.
378
Convert 0 (base 2) to base 5.
0
Convert -20 (base 15) to base 8.
-36
What is 1 (base 13) in base 6?
1
Convert -a (base 13) to base 4.
-22
1 (base 4) to base 11
1
8 (base 13) to base 14
8
Convert 1 (base 2) to base 9.
1
1 (base 9) to base 13
1
What is 1 (base 3) in base 4?
1
-24 (base 13) to base 5
-110
What is -1 (base 14) in base 15?
-1
Convert 101 (base 2) to base 15.
5
Convert 9 (base 10) to base 6.
13
0 (base 8) to base 3
0
Convert 10 (base 8) to base 15.
8
What is -2 (base 12) in base 10?
-2
Convert -3a (base 12) to base 10.
-46
0 (base 6) to base 2
0
3 (base 6) to base 7
3
What is -20 (base 15) in base 9?
-33
-6 (base 14) to base 16
-6
What is 5 (base 10) in base 13?
5
What is 16 (base 10) in base 8?
20
What is -9 (base 11) in base 2?
-1001
184 (base 12) to base 6
1044
Convert -16 (base 14) to base 10.
-20
Convert 115 (base 8) to base 13.
5c
Convert 119 (base 10) to base 8.
167
What is -59 (base 11) in base 15?
-44
231 (base 8) to base 4
2121
Convert -6 (base 15) to base 2.
-110
Convert 11 (base 7) to base 3.
22
What is 13 (base 9) in base 6?
20
Convert 8 (base 14) to base 12.
8
Convert 6 (base 8) to base 15.
6
What is 0 (base 11) in base 3?
0
What is 91 (base 11) in base 9?
121
What is -2 (base 7) in base 13?
-2
2 (base 12) to base 10
2
Convert 5 (base 13) to base 12.
5
25 (base 9) to base 7
32
Convert 1101 (base 2) to base 6.
21
454 (base 6) to base 8
262
23 (base 12) to base 4
123
24 (base 5) to base 12
12
What is 8 (base 14) in base 13?
8
4 (base 8) to base 6
4
Convert 404 (base 6) to base 9.
174
What is -2 (base 8) in base 12?
-2
Convert 2 (base 6) to base 3.
2
Convert -25 (base 12) to base 5.
-104
0 (base 12) to base 9
0
Convert 0 (base 11) to base 15.
0
Convert 33 (base 4) to base 13.
12
32 (base 5) to base 9
18
Convert -111 (base 2) to base 11.
-7
-11100011 (base 2) to base 6
-1015
Convert 10 (base 3) to base 16.
3
Convert -1b (base 14) to base 7.
-34
What is 111 (base 11) in base 7?
250
18 (base 11) to base 9
21
Convert 3 (base 13) to base 10.
3
Convert 21 (base 10) to base 2.
10101
What is 10002 (base 3) in base 7?
146
Convert -6 (base 7) to base 2.
-110
Convert 100 (base 3) to base 9.
10
-3 (base 13) to base 6
-3
-5 (base 8) to base 13
-5
-1 (base 8) to base 12
-1
-211 (base 4) to base 5
-122
What is -5 (base 14) in base 9?
-5
Convert 1 (base 8) to base 5.
1
18 (base 12) to base 13
17
Convert 110100 (base 2) to base 15.
37
What is 0 (base 4) in base 12?
0
Convert -10 (base 8) to base 3.
-22
What is 55 (base 6) in base 12?
2b
-222 (base 3) to base 7
-35
What is -1 (base 7) in base 5?
-1
Convert -99 (base 10) to base 6.
-243
Convert -8 (base 9) to base 2.
-1000
b3 (base 16) to base 12
12b
-2 (base 13) to base 12
-2
Convert -1 (base 9) to base 14.
-1
What is -1 (base 12) in base 6?
-1
Convert 5 (base 6) to base 2.
101
Convert -4 (base 13) to base 14.
-4
Convert 0 (base 16) to base 5.
0
Convert -3020 (base 4) to base 9.
-242
What is -10 (base 8) in base 5?
-13
3 (base 15) to base 3
10
Convert 21 (base 10) to base 7.
30
Convert -7 (base 15) to base 8.
-7
Convert 1010 (base 2) to base 13.
a
Convert 33 (base 10) to base 14.
25
Convert -15 (base 9) to base 8.
-16
41 (base 5) to base 13
18
What is 11 (base 4) in base 3?
12
What is 22 (base 4) in base 16?
a
What is -a (base 12) in base 13?
-a
Convert -2 (base 11) to base 5.
-2
-2 (base 15) to base 4
-2
-2213 (base 5) to base 13
-1a9
Convert 0 (base 5) to base 9.
0
What is -2 (base 15) in base 8?
-2
Convert -1112 (base 4) to base 15.
-5b
Convert 11 (base 9) to base 16.
a
0 (base 6) to base 16
0
Convert 40 (base 11) to base 6.
112
-25 (base 14) to base 7
-45
Convert 9 (base 16) to base 1